64).
2
Let i(k) = -2*k + 3. Calculate i(-7).
17
Let x(t) = 8*t + 16. Calculate x(-7).
-40
Let o(g) = -g**2 - 13*g - 10. Calculate o(-8).
30
Let d(u) = -u**2 + 6*u + 9. What is d(8)?
-7
Let y(l) = l**3 - 13*l**2 + 14*l - 3. Calculate y(12).
21
Let v(p) = -p + 10. Determine v(14).
-4
Let b(r) = -r**2 + 5*r + 23. Give b(-4).
-13
Let a(b) = b - 2. Give a(8).
6
Let r(v) = 10*v - 1. Calculate r(2).
19
Let z(p) = -p - 8. Give z(-6).
-2
Let l(c) = c**3 + c**2 - 2*c + 4. What is l(2)?
12
Let h(t) = -5*t - 44. Determine h(6).
-74
Let g(b) = -b**3 + 6*b**2 - 2*b - 20. Give g(4).
4
Let l(s) = -5*s + 20. Calculate l(9).
-25
Let q(z) = -z**2 - 6*z - 12. Give q(-9).
-39
Let u(i) = i**3 + 8*i**2 - 14*i - 8. What is u(-9)?
37
Let n(r) = -3*r**3 - 3*r**2 - 2*r - 1. Calculate n(-2).
15
Let z(x) = -15*x**3 - x**2 - 4*x - 4. Determine z(-1).
14
Let c(p) = -p**2 - 11. What is c(3)?
-20
Let i(c) = -68*c**3 + 2*c**2 - c. Calculate i(1).
-67
Let v(t) = t**2 + 4*t - 64. Determine v(10).
76
Let i(l) = l**2 - 2*l - 40. Give i(7).
-5
Let z(w) = -w**3 + 2*w**2 - 2. Give z(-3).
43
Let j(x) = -5*x + 22. What is j(7)?
-13
Let h(b) = -13*b**3 + b**2. Determine h(-1).
14
Let b(t) = -t**3 - 2*t**2 + 2*t - 5. What is b(-3)?
-2
Let j(o) = 2*o**3 - 25*o**2 + 12*o + 5. Determine j(12).
5
Let w(j) = j**3 + 13*j**2 - 18*j + 3. Calculate w(-14).
59
Let o(k) = -9*k**2 + 2*k + 1. Determine o(-1).
-10
Let v(f) = -13*f + 6. Calculate v(-5).
71
Let x(r) = r**3 + 2*r**2 + 2. Give x(-3).
-7
Let a(y) = -y**3 - 20*y**2 + 45*y + 26. Calculate a(-22).
4
Let p(b) = -b**3 + 21*b**2 - 19*b + 11. Determine p(20).
31
Let w(h) = 11*h**2 - 2*h + 1. Give w(1).
10
Let r(x) = -x**3 - 14*x**2 - 16*x - 11. What is r(-13)?
28
Let d(a) = -a**3 + 12*a**2 + a - 18. Calculate d(12).
-6
Let q(d) = d**3 - 17*d**2 - 16*d - 29. Calculate q(18).
7
Let x(y) = y**3 - y**2 - 3*y + 9. Determine x(4).
45
Let g(x) = -x**3 + 13*x**2 + 2*x - 24. Calculate g(13).
2
Let q(i) = -i**3 - 2*i**2 - 2. Give q(-2).
-2
Let k(w) = w**2 + 4*w - 27. Calculate k(-8).
5
Let z(w) = w**3 + 4*w**2 + 3*w. What is z(-3)?
0
Let u(w) = -w**3 + 6*w**2 + 3*w - 11. Calculate u(6).
7
Let l(j) = -4*j. Give l(7).
-28
Let x(c) = 2*c**3 - c**2 - 5*c - 4. What is x(-2)?
-14
Let r(y) = y**3 - 43*y**2 + 43*y - 53. Give r(42).
-11
Let b(t) = 2*t**2 - 37*t - 12. Give b(19).
7
Let t(f) = -f**2 - 4. Give t(0).
-4
Let d(s) = -s - 3. Determine d(9).
-12
Let m(l) = -l**2 - 21*l + 85. What is m(-24)?
13
Let l(x) = 3*x - 62. Calculate l(10).
-32
Let d(p) = 4*p - 2. What is d(2)?
6
Let h(r) = -3*r + 9. What is h(5)?
-6
Let z(u) = u**2 + 10*u. Calculate z(-10).
0
Let t(n) = n**3 + 52*n**2 + 49*n - 108. Calculate t(-51).
-6
Let c(x) = 11*x + 16. What is c(-2)?
-6
Let m(h) = -7*h + 130. What is m(16)?
18
Let s(m) = m**2 - m - 1. What is s(5)?
19
Let d(u) = -3*u**2 - 3*u + 4. Determine d(2).
-14
Let q(h) = 32*h**2 - h - 2. Determine q(-1).
31
Let q(v) = v**3 - 11*v**2 + 7*v + 12. What is q(10)?
-18
Let t(w) = -20*w**2 + 3*w + 2. Calculate t(-1).
-21
Let s(t) = 2*t - 1. Calculate s(5).
9
Let f(p) = p**3 - 3*p**2 - 7*p - 2. Determine f(5).
13
Let f(q) = q**2 - q - 5. What is f(4)?
7
Let d(s) = -8*s**3 - 3*s**2 + 14*s - 11. Determine d(1).
-8
Let a(k) = k**3 + 15*k**2 - 16*k - 27. What is a(-16)?
-27
Let l(y) = y**3 - 16*y**2 + 30*y - 2. Give l(15).
223
Let h(x) = 3*x - 17. Determine h(-10).
-47
Let w(z) = z - 72. Determine w(34).
-38
Let n(j) = -j**3 + 2*j**2 + j. Give n(2).
2
Let s(y) = -13*y**3 - y**2 - 2*y - 1. Give s(-1).
13
Let t(w) = 8*w - 196. What is t(23)?
-12
Let z(h) = -6*h**3 + 2*h**2 - 3*h + 1. Calculate z(1).
-6
Let q(p) = 2*p**2 - 2*p - 13. Determine q(-3).
11
Let d(p) = p**3 + 9*p**2 + 19*p + 3. What is d(-6)?
-3
Let k(r) = -11*r - 95. Determine k(-9).
4
Let x(k) = 2*k + 11. Determine x(5).
21
Let x(j) = 2*j + 6. What is x(6)?
18
Let m(z) = -25*z + 308. Calculate m(12).
8
Let p(a) = -5*a**2 - 29*a + 5. Give p(-6).
-1
Let u(l) = -l**2 - 2*l - 82. Calculate u(0).
-82
Let n(b) = -b**3 + 2*b**2 - 100. Calculate n(0).
-100
Let n(c) = c**3 - c**2 - 90*c - 7. Calculate n(10).
-7
Let f(q) = q + 4. Give f(-9).
-5
Let u(z) = 2*z**3 - 9*z**2 + 9*z - 5. Determine u(3).
-5
Let z(g) = g**2 + 2*g + 1. Determine z(-1).
0
Let l(q) = -5*q - 1. Give l(-3).
14
Let c(a) = a**3 + 13*a**2 + 10*a - 24. What is c(-12)?
0
Let d(h) = -17*h - 4. Determine d(-4).
64
Let m(l) = l**3 + 8*l**2 + 3*l + 26. Give m(-8).
2
Let b(r) = 3*r + 9. Give b(-9).
-18
Let m(y) = y**2 - 3*y - 1. Determine m(4).
3
Let k(x) = x**2 + 4*x - 27. What is k(-6)?
-15
Let j(n) = -2*n**2 + 11*n - 3. Give j(9).
-66
Let m(d) = -d + 9. Calculate m(10).
-1
Let h(d) = -d**3 + 13*d**2 + 5*d + 2. Give h(13).
67
Let j(v) = -84*v - 239. What is j(-3)?
13
Let r(y) = -y**3 - 3*y**2 + 4*y + 4. Calculate r(-4).
4
Let k(c) = -c**3 + 6*c**2 - 6*c + 6. Calculate k(6).
-30
Let l(p) = p**2 - 18*p + 29. What is l(15)?
-16
Let n(y) = 10*y**3 + y**2. Determine n(1).
11
Let p(m) = 3*m**2 - 22*m + 26. Calculate p(6).
2
Let d(q) = -2*q - 2. Calculate d(-2).
2
Let l(f) = -3*f + 50. Determine l(15).
5
Let r(v) = -2*v**2 - 81*v - 190. Determine r(-38).
0
Let w(s) = s**2 + 8*s - 6. Determine w(-6).
-18
Let c(z) = z**3 + 7*z**2 - z - 3. Calculate c(-8).
-59
Let b(f) = -f**2 + 7*f - 16. Give b(5).
-6
Let a(s) = -s**3 + 15*s**2 + 17*s - 20. Determine a(16).
-4
Let v(h) = -2*h**3 - h**2 + 9*h + 3. Determine v(-3).
21
Let i(f) = -2*f**3 + 3*f**2 - 4*f + 4. Determine i(2).
-8
Let y(g) = -g**2 + 14*g + 5. Give y(14).
5
Let u(v) = -3*v**3 - 1. Calculate u(-1).
2
Let l(o) = 2*o**2 - 18*o - 72. Determine l(13).
32
Let o(z) = z**2 - 7*z - 22. Calculate o(-2).
-4
Let k(c) = -28*c**2 - 3*c - 2. What is k(-1)?
-27
Let t(x) = 3*x**2 - 24*x + 1. Determine t(8).
1
Let n(p) = 2*p - 40. Determine n(18).
-4
Let r(p) = -3*p**2 - 13*p + 36. Determine r(2).
-2
Let p(q) = -6*q**3 - 2*q**2 + 1. Determine p(-1).
5
Let o(v) = v**3 - 11*v**2. Calculate o(11).
0
Let r(y) = 7*y**3 - y + 1. What is r(1)?
7
Let r(g) = g**2 + g - 2. What is r(7)?
54
Let y(t) = -t**3 + 4*t**2 - 5*t - 1. What is y(2)?
-3
Let y(n) = -n**3 + 3*n**2 + 14*n + 5. What is y(5)?
25
Let r(l) = -l**2 - 6*l + 9. Give r(-7).
2
Let j(f) = f + 8. What is j(-2)?
6
Let f(n) = n**3 + 9*n**2 + 7*n - 6. Determine f(-6).
60
Let q(d) = d**3 - 10*d**2 + 8*d + 6. Give q(9).
-3
Let n(y) = 2*y**2 + 18*y - 18. What is n(-13)?
86
Let z(q) = -q**3 + 16*q**2 + 18*q - 8. Calculate z(17).
9
Let y(n) = 25*n + 1. Determine y(-1).
-24
Let w(u) = -u**3 + 5*u**2 - 16. Give w(5).
-16
Let a(n) = -3*n**2 + n + 4. Give a(-2).
-10
Let w(y) = y**2 - 12*y. Calculate w(11).
-11
Let k(d) = -d - 30. Determine k(-22).
-8
Let p(n) = -21*n - 318. What is p(-15)?
-3
Let u(f) = -82*f**2 - 2*f - 1. Determine u(1).
-85
Let a(r) = r - 4. What is a(-9)?
-13
Let n(g) = -g + 20. What is n(19)?
1
Let k(b) = b**2 + 5*b - 6. What is k(-7)?
8
Let n(y) = y**3 + 22*y**2 + y + 13. Determine n(-22).
-9
Let p(m) = -3*m + 13. Calculate p(7).
-8
Let q(r) = 2*r + 13. Determine q(-10).
-7
Let c(m) = 7*m + 17. What is c(-5)?
-18
Let u(i) = -2*i + 1. What is u(3)?
-5
Let z(c) = -6*c**3. Determine z(-1).
6
Let n(z) = z**3 - 3*z**2 - 4*z - 6. Determine n(4).
-6
Let m(f) = 4*f**2 - 6*f - 4. Determine m(-1).
6
Let i(j) = -j**2 + 12*j + 18. Give i(14).
-10
Let s(v) = -12*v**2 - 108*v + 6. Calculate s(-9).
6
Let v(w) = w**2 - 6*w + 3. What is v(4)?
-5
Let v(f) = -f**2 - 2*f + 24. Calculate v(-7).
-11
Let m(l) = 3*l + 21. Calculate m(-13).
-18
Let b(l) = -2*l**2 + 20*l - 11. What is b(9)?
7
Let o(d) = -7*d - 2. Give o(13).
-93
Let g(v) = -v**2 + 6*v - 8. Determine g(7).
-15
Let h(s) = 28*s + 23. What is h(-1)?
-5
Let b(r) = -r**3 - 12*r**2 + 15*r + 35. What is b(-13)?
9
Let j(w) = -w**3 - 11*w**2 - 15*w - 9. Determine j(-10).
41
Let r(n) = -n**3 + 17*n**2 + 37*n + 11. Give r(19).
-8
Let z(j) = -5*j**3 + 3*j**2 - j - 2. Give z(2).
-32
Let i(a) = -2*a**2 - 14*a - 8. Give i(-6).
4
Let g(w) = w**3 - 20*w**2 - 22*w + 31. Give g(21).
10
Let s(v) = 2*v**2 - 66*v - 78. Determine s(34).
-10
Let m(c) = -c**3 - 7*c**2 - 4*c + 5. Determine m(-6).
-7
Let t(p) = p**2 + 11*p + 14. Calculate t(-10).
4
Let z(m) = 12*m + 56. Give z(5).
116
Let z(c) = c**2 - 5*c - 6. Determine z(7).
8
Let c(r) = -r**3 + 6*r**2 - 5*r + 11. What is c(7)?
-73
Let b(x) = -x**2 + 11*x - 13. Give b(9).
5
